{"id":37,"date":"2024-02-12T21:05:53","date_gmt":"2024-02-12T20:05:53","guid":{"rendered":"https:\/\/www.freakyfrogs.de\/?page_id=37"},"modified":"2025-11-21T00:01:25","modified_gmt":"2025-11-20T23:01:25","slug":"regelwerk","status":"publish","type":"page","link":"https:\/\/www.freakyfrogs.de\/?page_id=37","title":{"rendered":"Regelwerk"},"content":{"rendered":"\n<p>Regelwerk des Freaky Frogs e.V.<\/p>\n\n\n\n<p>1.&nbsp;Satzung&nbsp;&amp;&nbsp;Organstruktur<\/p>\n\n\n\n<p>2.&nbsp;Finanzierung<\/p>\n\n\n\n<p>3.&nbsp;Austritt aus dem Verein<\/p>\n\n\n\n<p>4.&nbsp;Verhaltensregeln<\/p>\n\n\n\n<p>5.&nbsp;Spielregelung<\/p>\n\n\n\n<ul class=\"wp-block-list\">\n<li>5.1 Steel Darts<\/li>\n\n\n\n<li>5.2 Soft Darts<\/li>\n\n\n\n<li>5.3 Austragungsort<\/li>\n<\/ul>\n\n\n\n<p>6. Saisonablauf<\/p>\n\n\n\n<ul class=\"wp-block-list\">\n<li>6.1 Ranglistenpyramide<\/li>\n\n\n\n<li>6.2&nbsp;Spielmodus&nbsp;f\u00fcr die RLP Herausforderungsspiele\n<ul class=\"wp-block-list\">\n<li>6.2.1 Steel Darts&nbsp;(Einzel)<\/li>\n\n\n\n<li>6.2.2 Soft Darts&nbsp;(Einzel)<\/li>\n<\/ul>\n<\/li>\n\n\n\n<li>6.3 Pokale<\/li>\n<\/ul>\n\n\n\n<p>1.&nbsp;Satzung &amp;&nbsp;Organe<\/p>\n\n\n\n<p>siehe Satzung<\/p>\n\n\n\n<p>2.&nbsp;Finanzierung<\/p>\n\n\n\n<p>siehe Finanzordnung<\/p>\n\n\n\n<p>3.&nbsp;Austritt aus dem Verein<\/p>\n\n\n\n<p>Bei Austritt aus dem Verein ist der Mitgliedsausweis beim Vorstand abzugeben und s\u00e4mtliche sonstigen erhaltenen Utensilien (z.B. Vereinsaufn\u00e4her) abzugeben.&nbsp;<\/p>\n\n\n\n<p>S\u00e4mtliche personenbezogenen Daten des Mitglieds werden beim Austritt vernichtet.&nbsp;<\/p>\n\n\n\n<p>Siehe au\u00dferdem: Satzung \u00a7 4.<\/p>\n\n\n\n<p>4.&nbsp;Verhaltensregeln<\/p>\n\n\n\n<p>Jedes Vereinsmitglied hat den Vereinsaufn\u00e4her bei Teilnahme an \u00f6ffentlichen Dartveranstaltungen, die durch den Verein erm\u00f6glicht oder unterst\u00fctzt werden, ersichtlich zu tragen.<\/p>\n\n\n\n<p>Ein Vereinsmitglied ist stets h\u00f6flich,ehrlich,fair und wei\u00df sich zu benehmen.<\/p>\n\n\n\n<p>Jedes Vereinsmitglied ist verpflichtet den Ruf des Vereins zu wahren und nicht in Verruf zu bringen.<\/p>\n\n\n\n<p>Ein Vereinsmitglied das gegen die Satzung oder das Regelwerk verst\u00f6\u00dft,kann bei einer Vorstandsversammlung verwarnt oder vom Vorstand in einer Abstimmung ausgeschlossen werden.<\/p>\n\n\n\n<p>5.&nbsp;Spielregelung<\/p>\n\n\n\n<p>5.1&nbsp;Steel Darts<\/p>\n\n\n\n<p>Die Spiele werden an den handels\u00fcblichen Stealdartscheiben, die dem internationalen Standard entsprechen, ausgetragen.<\/p>\n\n\n\n<p>Der&nbsp;horizontale&nbsp;Abstand von Scheibe zu Abwurflinie betr\u00e4gt mind. 2,37m und darf nicht \u00fcbertreten werden.<\/p>\n\n\n\n<p>Die Bullh\u00f6he von Boden ab zur Mitte des Double Bull&nbsp;muss 1,73m betragen.<\/p>\n\n\n\n<p>Die Dartpfeile entsprechen dem g\u00e4ngigen Spielstandard, m\u00fcssen Stahlspitzen haben und sollten ein Gewicht von mind. 18g aufweisen.<\/p>\n\n\n\n<p>5.2&nbsp;Soft Darts<\/p>\n\n\n\n<p>Die Spiele werden an zugelassenen&nbsp;Soft Darts-Ger\u00e4ten von L\u00f6wendart oder Radikal Dart ausgetragen.<\/p>\n\n\n\n<p>Der&nbsp;horizontale&nbsp;Abstand von Scheibe zu Abwurflinie betr\u00e4gt mind. 2,37m und darf nicht \u00fcbertreten werden.<\/p>\n\n\n\n<p>Die Bullh\u00f6he von Boden ab zur Mitte des Double Bull&nbsp;muss 1,73m betragen.<\/p>\n\n\n\n<p>Jegliche Dartpfeile, die allgemein g\u00e4ngig sind und Softtips haben, d\u00fcrfen genutzt werden.&nbsp;Die Gewichtsspanne von 14g bis 18g pro Dart&nbsp;muss&nbsp;einhalten&nbsp;werden.<\/p>\n\n\n\n<p>5.3 Austragungsort:<\/p>\n\n\n\n<p>Die Spiele werden nach M\u00f6glichkeit in unserer Spielst\u00e4tte\u00a0ausgetragen.\u00a0<\/p>\n\n\n\n<p>6. Saisonablauf<\/p>\n\n\n\n<p><em><u><strong>WICHTIGE \u00c4NDERUNG F\u00dcR DEN ABLAUF AB SAISON 2020:<\/strong><\/u><\/em><\/p>\n\n\n\n<p>\u00dcber die Saison hinweg werden insgesamt&nbsp;<strong>5 interne Turniere<\/strong>&nbsp;gespielt. Anhand der Turniere und der internen Liga wird dann am Ende der Dartk\u00f6nig ermittelt.&nbsp;<\/p>\n\n\n\n<p><em><u>Wichtig:<\/u>&nbsp;Weitere interne Turniere haben keinen Einflu\u00df auf den Dartk\u00f6nig-Punktestand!<\/em><\/p>\n\n\n\n<p>Die Dartk\u00f6nig-Turniere werden nach folgendem Schema ausgetragen:<\/p>\n\n\n\n<figure class=\"wp-block-table\"><table><tbody><tr><td>Dartk\u00f6nig Turnier #1<\/td><td>Steel Darts<\/td><td>2020: 501 Double Out, Doppel-KO Turnierplan<\/td><\/tr><tr><td>Dartk\u00f6nig Turnier #2<\/td><td>Soft Darts<\/td><td>2020: 501 Master Out, Doppel-KO Turnierplan<\/td><\/tr><tr><td>Dartk\u00f6nig Turnier #3<\/td><td>Steel Darts<\/td><td>2020:&nbsp;Cricket Standard, Doppel-KO Turnierplan<\/td><\/tr><tr><td>Dartk\u00f6nig Turnier #4<\/td><td>Soft Darts<\/td><td>2020:&nbsp;Split Score, Doppel-KO Turnierplan<\/td><\/tr><tr><td>Dartk\u00f6nig Turnier #5<\/td><td>Steel- und\/oder Soft Darts<\/td><td>2020: Steel- &amp; Softdarts-Turnier, Doppel-KO Turnierplan<\/td><\/tr><\/tbody><\/table><\/figure>\n\n\n\n<p><strong><u><strong>Update 2020:<\/strong><\/u><\/strong>&nbsp;Zwei Spieler, die z.B. den 8. Platz in einem Turnier belegt haben entscheiden \u00fcber die eindeutige Platzierung durch ein Spiel 301 Double Out (Steel Darts) bzw. 301 Master Out (Soft Darts). Es wird ausgebullt wer beginnt. Der Gewinner der Begegnung ist dann z.B. Platz 8 der Verlierer Platz 9.<\/p>\n\n\n\n<p>Die Saison endet am zweiten oder dritten Samstag im Dezember. Bitte informiert euch hier am besten per WhatsApp in der Vereinsgruppe oder bei den Aus\u00e4ngen.<\/p>\n\n\n\n<p>6.1 interne Liga (IL):<\/p>\n\n\n\n<p>\u00dcber die Saison hinweg findet an zuvor festgelegten Spieltagen und -Zeiten, jeweils eine Begegnung im Steeldart, sowie im Softdart statt. Die Liga unterliegt dem Round Robin System (Jeder gegen Jeden).&nbsp;<\/p>\n\n\n\n<p>Jeder Spieler begegnet Jedem jeweils&nbsp;<strong>einmal<\/strong>&nbsp;sowohl im Steel- als auch im Softdart. Die jeweiligen Spiele (Steel-\/Softdart), jeder Begegnung, werden am selben Spieltag ausgetragen.&nbsp;<\/p>\n\n\n\n<p>Gespielt wird jeweils 501 DO im Steeldart und 501 MO im E-Dart. Best of 3 Sets mit Best of 3 Legs.<\/p>\n\n\n\n<p>Das Ergebnis der Spiele muss innerhalb von 3 Tagen nach dem festgelegten Speiltag in der Vereins-WhatsApp Gruppe bekannt gegeben werden.<\/p>\n\n\n\n<p>F\u00fcr ein gewonnenes Spiel erh\u00e4lt der Sieger 3 Punkte.<\/p>\n\n\n\n<p>Bei nicht Antritt gilt der Spieltag automatisch als 0:4 verloren. Wenn kein Spieler der beiden Antritt, gilt das Spiel f\u00fcr beide 0:4 verloren.<\/p>\n\n\n\n<p>Am Anfang jeder Begegnung wird ausgebullt.<\/p>\n\n\n\n<p>Am Ende der Saison erhalten die Spieler f\u00fcr ihre Tabellenposition zus\u00e4tzliche Punkte f\u00fcr die Dartk\u00f6nig Wertung.<\/p>\n\n\n\n<p>Ebenso erhalten die Spieler anhand ihrer Leg-Statistik einen Rang, welcher auf die gleiche Art zus\u00e4tzliche Punkte f\u00fcr die Dartk\u00f6nig Wertung einbringt.<\/p>\n\n\n\n<p>Siehe Tabelle unten.<\/p>\n\n\n\n<p><em>Bei Punktegleichstand in der Platzierungstabelle wird die Set-Differenz und\/oder Leg-Differenz mit einbezogen.<\/em><\/p>\n\n\n\n<p>Punktespiegel f\u00fcr die Dartk\u00f6nig Jahreswertung:<\/p>\n\n\n\n<figure class=\"wp-block-table\"><table><tbody><tr><td colspan=\"2\"><strong>Turniere<\/strong>&nbsp;(nur Dartk\u00f6nig)<\/td><td colspan=\"2\">Ende der Saison jeweils f\u00fcr IL Platzierung und IL Leg-Statistik<\/td><\/tr><tr><td>Platzierung<\/td><td>Punkte<\/td><td>Platzierung<\/td><td>Punkte<\/td><\/tr><tr><td>1<\/td><td>20<\/td><td>1<\/td><td>25<\/td><\/tr><tr><td>2<\/td><td>18<\/td><td>2<\/td><td>23<\/td><\/tr><tr><td>3<\/td><td>16<\/td><td>3<\/td><td>21<\/td><\/tr><tr><td>4<\/td><td>14<\/td><td>4<\/td><td>19<\/td><\/tr><tr><td>5<\/td><td>12<\/td><td>5<\/td><td>17<\/td><\/tr><tr><td>7<\/td><td>10<\/td><td>6<\/td><td>12<\/td><\/tr><tr><td>9<\/td><td>8<\/td><td>7<\/td><td>10<\/td><\/tr><tr><td>13<\/td><td>6<\/td><td>8<\/td><td>8<\/td><\/tr><tr><td>&nbsp;<\/td><td><\/td><td>9<\/td><td>6<\/td><\/tr><tr><td>&nbsp;<\/td><td>&nbsp;<\/td><td>10<\/td><td>4<\/td><\/tr><\/tbody><\/table><\/figure>\n\n\n\n<p><em><u><strong>Wichtig:<\/strong><\/u><\/em>&nbsp;<em><strong>Nur Spieler die Ihren Jahresbeitrag f\u00fcr die laufende Saison bezahlt haben sind spielberechtigt!&nbsp;<\/strong><\/em><\/p>\n\n\n\n<p><em><strong>Nach Beginn der Saison \/ Festlegung der Spieltage kann kein Spieler in der laufen Saison beitreten.&nbsp;<\/strong><\/em><\/p>\n\n\n\n<p>6.2&nbsp;Spielmodus&nbsp;f\u00fcr die&nbsp;IL&nbsp;Spiele:<\/p>\n\n\n\n<p>6.2.1&nbsp;Steel Darts&nbsp;(Einzel)<\/p>\n\n\n\n<p>Gespielt wird 501 Double Out (DO).&nbsp;Best of 3 Sets \/ Best of 3 Legs.&nbsp;<\/p>\n\n\n\n<p>Der&nbsp;Spieler, der zuerst 501&nbsp;Punkte&nbsp;herunterspielt und mit einem Double genau auf 0 gebracht hat&nbsp;gewinnt ein Leg. Wer zuerst zwei Legs f\u00fcr sich entscheiden kann, gewinnt&nbsp;einen&nbsp;Satz (Set).&nbsp;<\/p>\n\n\n\n<p>Durch Ausbullen wird entschieden, wer der&nbsp;Heim-Spieler und der Gast-Spieler&nbsp;ist.<\/p>\n\n\n\n<p>Leg 1 und evtl. 3 im ersten Satz beginnt der Heimspieler. Leg 1 und evtl. 3 im zweiten Satz der Gast-Spieler.&nbsp;<\/p>\n\n\n\n<p>Kommt es zu einem dritten Satz beginnt&nbsp;wieder der Heim-Spieler jeweils die Legs 1 und evtl. 3.<\/p>\n\n\n\n<p>Die geworfenen Punkte werden im Kopf subtrahiert und von einer neutralen dritten Person, die dem Verein angeh\u00f6ren muss, auf einer Tafel oder einem Whiteboard niedergeschrieben.&nbsp;<\/p>\n\n\n\n<p>Wenn ein Notebook zur Verf\u00fcgung steht, kann gerne auf die Anwendung \u201en01\u201c zur\u00fcckgegriffen werden. Es sollte dennoch ein neutrales drittes Vereinsmitglied das \u201eschreiben\u201c \u00fcbernehmen.&nbsp;<\/p>\n\n\n\n<p>6.2.2&nbsp;Soft&nbsp;Darts&nbsp;(Einzel)<\/p>\n\n\n\n<p>Gespielt wird 501 Masters Out (MO).&nbsp;Best of 3 Sets \/ Best of 3 Legs.<\/p>\n\n\n\n<p>Der&nbsp;Spieler, der zuerst 501&nbsp;Punkte&nbsp;herunterspielt und mit einem Double&nbsp;oder Triple&nbsp;genau auf 0 gebracht hat&nbsp;gewinnt ein Leg. Wer zuerst zwei Legs f\u00fcr sich entscheiden kann, gewinnt&nbsp;einen&nbsp;Satz (Set).&nbsp;<\/p>\n\n\n\n<p>Durch Ausbullen wird entschieden, wer der&nbsp;Heim-Spieler und der Gast-Spieler&nbsp;ist.<\/p>\n\n\n\n<p>Leg 1 und evtl. 3 im ersten Satz beginnt der Heimspieler. Leg 1 und evtl. 3 im zweiten Satz der Gast-Spieler.&nbsp;<\/p>\n\n\n\n<p>Generell gilt \u201eDer Automat z\u00e4hlt\u201c!<\/p>\n\n\n\n<p>6.3&nbsp;Pokale:<\/p>\n\n\n\n<p>Es werden drei Wanderpokale pro Saison vergeben:&nbsp;<\/p>\n\n\n\n<ul class=\"wp-block-list\">\n<li>1. Platz Steel Darts<\/li>\n\n\n\n<li>1. Platz Soft Darts<\/li>\n\n\n\n<li>Dartk\u00f6nig<\/li>\n<\/ul>\n\n\n\n<p>Wenn ein Spieler einen der Wanderpokale drei mal&nbsp;<strong>hintereinander<\/strong>&nbsp;f\u00fcr sich gewinnen kann, darf er diesen mit nach Hause nehmen. Es wird ein neuer Pokal f\u00fcr die kommende Saison besorgt.&nbsp;<\/p>\n\n\n\n<hr class=\"wp-block-separator has-alpha-channel-opacity\"\/>\n\n\n\n<p>G\u00fcltige Fassung vom 15.02.2019&nbsp;<\/p>\n\n\n\n<p>Genehmigt durch den Vorstand<\/p>\n\n\n\n<p>Spielst\u00e4tte aktualisiert (11\/2025)<\/p>\n","protected":false},"excerpt":{"rendered":"<p>Regelwerk des Freaky Frogs e.V. 1.&nbsp;Satzung&nbsp;&amp;&nbsp;Organstruktur 2.&nbsp;Finanzierung 3.&nbsp;Austritt aus dem Verein 4.&nbsp;Verhaltensregeln 5.&nbsp;Spielregelung 6. Saisonablauf 1.&nbsp;Satzung &amp;&nbsp;Organe siehe Satzung 2.&nbsp;Finanzierung siehe Finanzordnung 3.&nbsp;Austritt aus dem Verein Bei Austritt aus dem Verein ist der Mitgliedsausweis beim Vorstand abzugeben und s\u00e4mtliche sonstigen erhaltenen Utensilien (z.B. Vereinsaufn\u00e4her) abzugeben.&nbsp; S\u00e4mtliche personenbezogenen Daten des Mitglieds werden beim Austritt vernichtet.&nbsp; Siehe [&hellip;]<\/p>\n","protected":false},"author":2,"featured_media":0,"parent":22,"menu_order":66,"comment_status":"closed","ping_status":"closed","template":"","meta":{"footnotes":""},"class_list":["post-37","page","type-page","status-publish","hentry"],"_links":{"self":[{"href":"https:\/\/www.freakyfrogs.de\/index.php?rest_route=\/wp\/v2\/pages\/37","targetHints":{"allow":["GET"]}}],"collection":[{"href":"https:\/\/www.freakyfrogs.de\/index.php?rest_route=\/wp\/v2\/pages"}],"about":[{"href":"https:\/\/www.freakyfrogs.de\/index.php?rest_route=\/wp\/v2\/types\/page"}],"author":[{"embeddable":true,"href":"https:\/\/www.freakyfrogs.de\/index.php?rest_route=\/wp\/v2\/users\/2"}],"replies":[{"embeddable":true,"href":"https:\/\/www.freakyfrogs.de\/index.php?rest_route=%2Fwp%2Fv2%2Fcomments&post=37"}],"version-history":[{"count":2,"href":"https:\/\/www.freakyfrogs.de\/index.php?rest_route=\/wp\/v2\/pages\/37\/revisions"}],"predecessor-version":[{"id":173,"href":"https:\/\/www.freakyfrogs.de\/index.php?rest_route=\/wp\/v2\/pages\/37\/revisions\/173"}],"up":[{"embeddable":true,"href":"https:\/\/www.freakyfrogs.de\/index.php?rest_route=\/wp\/v2\/pages\/22"}],"wp:attachment":[{"href":"https:\/\/www.freakyfrogs.de\/index.php?rest_route=%2Fwp%2Fv2%2Fmedia&parent=37"}],"curies":[{"name":"wp","href":"https:\/\/api.w.org\/{rel}","templated":true}]}}