{"id":22,"date":"2024-01-14T23:55:32","date_gmt":"2024-01-14T22:55:32","guid":{"rendered":"https:\/\/www.freakyfrogs.de\/?page_id=22"},"modified":"2025-11-20T23:29:17","modified_gmt":"2025-11-20T22:29:17","slug":"der-verein","status":"publish","type":"page","link":"https:\/\/www.freakyfrogs.de\/?page_id=22","title":{"rendered":"Der Verein"},"content":{"rendered":"\n<p>Wir bieten unseren Mitgliedern:<\/p>\n\n\n\n<ul class=\"wp-block-list\">\n<li>Training und Austausch mit Gleichgesinnten<\/li>\n\n\n\n<li>Interne Turnierserie, sowie 1vs1 Liga<\/li>\n\n\n\n<li>F\u00f6rderung bei Turnieren<\/li>\n\n\n\n<li>Verg\u00fcnstigte Teilnahme bei der, von uns organisierten, &#8222;Steeldarts Liga&#8220;<\/li>\n\n\n\n<li>Teilnahme an vereinsinternen Aktivit\u00e4ten (z.B. Grillfest, etc.)<\/li>\n<\/ul>\n\n\n\n<p>Unser Vereinsheim befindet sich im Sch\u00fctzenhaus der Sch\u00fctzengesellschaft Lahr v. 1526 (Dammenm\u00fchle 4, 77933 Lahr\/Schwarzwald).<\/p>\n\n\n\n<p>Hier findest du uns <\/p>\n\n\n\n<p><strong>Donnertags<\/strong> ab ca. 18:30 <br>&#8211; zum Training<\/p>\n\n\n\n<p>meist <strong>Freitags<\/strong> ab ca. 18:00 <br>&#8211; zum&nbsp;Training <br>&#8211; zu unseren Heimspielen <br>&#8211; vor Ausw\u00e4rtsspielen zum Aufw\u00e4rmen<br><\/p>\n\n\n\n<figure class=\"wp-block-image size-large\"><img loading=\"lazy\" decoding=\"async\" width=\"1024\" height=\"1024\" src=\"https:\/\/www.freakyfrogs.de\/wp-content\/uploads\/2024\/07\/WhatsApp-Image-2024-07-16-at-22.06.08-1024x1024.jpeg\" alt=\"\" class=\"wp-image-111\" srcset=\"https:\/\/www.freakyfrogs.de\/wp-content\/uploads\/2024\/07\/WhatsApp-Image-2024-07-16-at-22.06.08-1024x1024.jpeg 1024w, https:\/\/www.freakyfrogs.de\/wp-content\/uploads\/2024\/07\/WhatsApp-Image-2024-07-16-at-22.06.08-300x300.jpeg 300w, https:\/\/www.freakyfrogs.de\/wp-content\/uploads\/2024\/07\/WhatsApp-Image-2024-07-16-at-22.06.08-150x150.jpeg 150w, https:\/\/www.freakyfrogs.de\/wp-content\/uploads\/2024\/07\/WhatsApp-Image-2024-07-16-at-22.06.08-768x768.jpeg 768w, https:\/\/www.freakyfrogs.de\/wp-content\/uploads\/2024\/07\/WhatsApp-Image-2024-07-16-at-22.06.08-1536x1536.jpeg 1536w, https:\/\/www.freakyfrogs.de\/wp-content\/uploads\/2024\/07\/WhatsApp-Image-2024-07-16-at-22.06.08.jpeg 2048w\" sizes=\"auto, (max-width: 1024px) 100vw, 1024px\" \/><\/figure>\n\n\n\n<p>Melde dich gerne \u00fcber Facebook, Instagram oder <a href=\"mailto:kontakt@freakyfrogs.de\">kontakt@freakyfrogs.de<\/a>, um einen Schnupper-Termin zu vereinbaren. <\/p>\n","protected":false},"excerpt":{"rendered":"<p>Wir bieten unseren Mitgliedern: Unser Vereinsheim befindet sich im Sch\u00fctzenhaus der Sch\u00fctzengesellschaft Lahr v. 1526 (Dammenm\u00fchle 4, 77933 Lahr\/Schwarzwald). Hier findest du uns Donnertags ab ca. 18:30 &#8211; zum Training meist Freitags ab ca. 18:00 &#8211; zum&nbsp;Training &#8211; zu unseren Heimspielen &#8211; vor Ausw\u00e4rtsspielen zum Aufw\u00e4rmen Melde dich gerne \u00fcber Facebook, Instagram oder kontakt@freakyfrogs.de, um [&hellip;]<\/p>\n","protected":false},"author":2,"featured_media":0,"parent":0,"menu_order":111,"comment_status":"closed","ping_status":"closed","template":"","meta":{"footnotes":""},"class_list":["post-22","page","type-page","status-publish","hentry"],"_links":{"self":[{"href":"https:\/\/www.freakyfrogs.de\/index.php?rest_route=\/wp\/v2\/pages\/22","targetHints":{"allow":["GET"]}}],"collection":[{"href":"https:\/\/www.freakyfrogs.de\/index.php?rest_route=\/wp\/v2\/pages"}],"about":[{"href":"https:\/\/www.freakyfrogs.de\/index.php?rest_route=\/wp\/v2\/types\/page"}],"author":[{"embeddable":true,"href":"https:\/\/www.freakyfrogs.de\/index.php?rest_route=\/wp\/v2\/users\/2"}],"replies":[{"embeddable":true,"href":"https:\/\/www.freakyfrogs.de\/index.php?rest_route=%2Fwp%2Fv2%2Fcomments&post=22"}],"version-history":[{"count":7,"href":"https:\/\/www.freakyfrogs.de\/index.php?rest_route=\/wp\/v2\/pages\/22\/revisions"}],"predecessor-version":[{"id":171,"href":"https:\/\/www.freakyfrogs.de\/index.php?rest_route=\/wp\/v2\/pages\/22\/revisions\/171"}],"wp:attachment":[{"href":"https:\/\/www.freakyfrogs.de\/index.php?rest_route=%2Fwp%2Fv2%2Fmedia&parent=22"}],"curies":[{"name":"wp","href":"https:\/\/api.w.org\/{rel}","templated":true}]}}